k be h(-13). Determine l(k).
-8
Suppose 3*b = l - 11, -b - 5*l + 13 = -2*b. Let g(u) be the second derivative of u**4/12 + u**3/3 + 121*u. What is g(b)?
3
Let f(j) = j**3 + 15*j**2 + 12*j - 185. Let w be f(-13). Let v(b) = 4*b + 3. Let z(k) = -16*k - 13. Let x(l) = 9*v(l) + 2*z(l). Determine x(w).
-11
Let q(z) = -z. Let p = 573 + -568. Give q(p).
-5
Let p be 5520/680 - 6/51. Let b(i) = -i**3 + 10*i**2 - 18*i + 18. Calculate b(p).
2
Let q(y) = -14*y**2 + 5*y + 23. Let x(m) = 5*m**2 - 2*m - 8. Let g(a) = 6*q(a) + 17*x(a). Let k(i) = -4*i + 33. Let s be k(7). Calculate g(s).
7
Suppose 0*w = -r + 3*w - 7, 3*w = 3. Let t(p) = -5*p**3 + 23*p**2 + 10*p + 6. Let m(d) = -4*d**3 + 20*d**2 + 9*d + 5. Let k(c) = 6*m(c) - 5*t(c). What is k(r)?
0
Let k(o) = -o**3 + 2. Let s be (-3)/6 - (-3)/(-2). Let v(z) = -z**3 - z**2 - z + 2. Let u(j) = s*v(j) + 3*k(j). Let b be 0/(-2) - (-15)/5. Give u(b).
-1
Let i(c) be the second derivative of c**3/3 - c**2/2 + c. Let h(l) = l**3 + 3*l**2 - 2*l. Let g be h(0). Suppose g = -5*u + 10 + 5. What is i(u)?
5
Let q(l) = -l**2 - l. Let v(j) = -7*j**2 - 9*j - 1. Let o(w) = 6*q(w) - v(w). Let i be ((-4)/3)/2*(4 + 2). Give o(i).
5
Let i(r) be the third derivative of -r**4/8 - 13*r**3/6 + 393*r**2. Give i(-10).
17
Let i(l) be the third derivative of -l**5/30 - l**4/24 + 23*l**2. Let k(o) = o**2 - 7*o - 10. Let q be k(8). Determine i(q).
-6
Let g(n) be the second derivative of -1/24*n**4 + 2/3*n**3 - 7*n - 1/120*n**5 + 0 + 0*n**2. Let c(u) be the second derivative of g(u). Give c(-3).
2
Let u(z) be the second derivative of z**3/6 - 5*z**2/2 - z. Let m be u(3). Let c(k) = 3*k + 3. Calculate c(m).
-3
Let w(t) = 8*t - 2*t - 702*t**2 + 0*t + 347*t**2 + 354*t**2. Suppose 2*g + 2*g = 28. What is w(g)?
-7
Suppose 12 = -4*i - 12. Let a be i/8*(-8)/3. Suppose a*r = 3 + 1. Let c(h) = 2*h**3 + h**2 - 2*h - 1. Calculate c(r).
15
Let o(i) = -9*i**2 - i + 6. Let y be o(0). Let u(l) = l - 10. Give u(y).
-4
Suppose 71 = 37*p - 151. Let k(l) = -l**2 - 6*l + 7. Let q be k(-7). Let o(b) = b**3 + 5*b**2 + q*b - 2*b**3 + 4*b + 2. Calculate o(p).
-10
Let n(x) be the first derivative of -x**4/2 - 2*x**3 - 2*x**2 - 2*x + 127. Calculate n(-4).
46
Let z(u) be the third derivative of -u**6/120 - u**5/30 + u**4/6 - 2*u**3/3 + u**2 - 172. Give z(2).
-12
Let u(i) = 2*i**3 - 115*i - 1 + 111*i - i**3. Calculate u(-3).
-16
Let t(i) = -i**2 - 3*i + 1. Let r(z) = -12*z**2 - 26*z + 10. Let u(c) = -r(c) + 8*t(c). Let a = 3 + -5. What is u(a)?
10
Suppose -g = 228 - 220. Let c(d) = d**2 + 13*d + 12. Determine c(g).
-28
Let b(a) = -a**3 + 3*a**2 - 3*a + 1. Suppose 0 = 4*o - 45 - 23. Let w = o - 5. Let k(c) = c**3 - 11*c**2 - 11*c - 10. Let d be k(w). Calculate b(d).
-1
Let a(o) = o - 10. Suppose 5*p + 4 = 2*r, -4*r - r + 48 = -3*p. Let u be a(r). Suppose -7*c + 20 = -u*c. Let l(s) = -s + 3. What is l(c)?
-1
Let d(f) be the second derivative of 0 + 3/2*f**2 + 1/6*f**3 - f. Let b be d(-4). Let g(o) = o**3 + o**2 - o - 1. Calculate g(b).
0
Let d(a) be the second derivative of a**4/12 - a**3/6 - 3*a**2 - 33*a + 1. Calculate d(-3).
6
Let m(a) = -a**2 + 49*a - 303. Let d be m(7). Let w(b) = -b - 9. Calculate w(d).
0
Let a(t) = -t**3 + t**2 - t - 1. Let x be a(-1). Let s(o) = 3*o**2 - o**3 - 2 - 22*o - 22*o + 42*o. Calculate s(x).
-2
Let j(y) = -8*y - 4. Suppose 2*n - 8 + 0 = 0, -4*d - 3*n = -24. Let a(k) = 8*k + 5. Let m(o) = d*j(o) + 2*a(o). What is m(-2)?
14
Let s(c) = -c + 2. Let v(z) = 4. Let w(b) = s(b) + v(b). What is w(8)?
-2
Let s(h) be the third derivative of -h**4/12 - h**3/3 + 876*h**2. Give s(6).
-14
Let w = 1309 - 1310. Let j(r) = 26*r. What is j(w)?
-26
Suppose -9 = -7*k + 5. Let f(m) = 10*m**2 - 8*m**2 - m**3 + 10 - m - 2*m**k. Let a = 0 + 0. Give f(a).
10
Let j(h) = -10*h**2 - 29*h - 11. Let d(g) = 11*g**2 + 34*g + 13. Let b(f) = -6*d(f) - 7*j(f). Determine b(-3).
38
Let l(i) be the third derivative of i**5/60 + i**4/8 - 9*i**2. Let q = -4 - -1. Give l(q).
0
Let z(r) = r - 9. Let x be z(7). Let b be (x - -8)*2/4. Let t(w) = w**3 + 3*w**2 + 3 - w**b - w**3 - 3*w. Calculate t(2).
1
Let n(r) be the third derivative of -r**5/60 + 3*r**4/8 + 19*r**3/6 - 17*r**2 - 2. Give n(10).
9
Suppose -3*z = z - 20. Let r(l) = 8*l - 4*l + l - 6*l + 1. Determine r(z).
-4
Let j(g) = -12*g**3 - g**2 + 1. Let o be j(1). Let d = -7 - o. Let x(t) = t**2. Let c(k) = -2*k**2 + k. Let i(b) = -6*c(b) - 11*x(b). Give i(d).
-5
Let l(x) = 12 + 54 - 141*x + 144*x - 14. Determine l(-17).
1
Let v(z) = z**2 - 2 - 9 + 2 + 4 - 4*z. Suppose -5*f - 3*m = -32, -4 = -5*f + f + 3*m. What is v(f)?
-5
Let v(s) be the first derivative of -2 + 2*s + 1/2*s**2 + 2/3*s**3. Let t = -6 - -4. What is v(t)?
8
Let a(y) = -y**2 + 8*y - 10. Suppose 5*c - 4*c = -6. Let x be 5 - (-5 - (c + 3)). What is a(x)?
-3
Let g = -3 - -1. Let v = -2 - g. Let s(n) be the third derivative of -n**5/60 - 2*n**3/3 + 11*n**2 + 4. Give s(v).
-4
Let t(h) = -h**2 + 10*h - 12. Let j(v) = -v**2 + 28*v + 14. Let y be j(23). Let l = -120 + y. Determine t(l).
-3
Suppose -34 = 3*v - 10. Let a(l) = l + 3. Let p be a(v). Let s(y) = -7*y**2 + 3*y - 3. Let r(k) = -8*k**2 + 4*k - 3. Let w(b) = 6*r(b) - 7*s(b). What is w(p)?
13
Let y be 2 - (-8 + (3 + -1 - 5)). Let p(i) = i**3 - 12*i**2 - 14*i + 12. What is p(y)?
-1
Let x(b) = b**2 - 2*b - 3. Let p(h) = 5*h**2 - 7*h - 13. Let k(n) = 2*p(n) - 9*x(n). Let a be k(-5). Let f(r) = -r + 4. Calculate f(a).
-2
Let l = -486 - -488. Let j(i) be the third derivative of 1/24*i**4 + 0*i + 0 - 1/6*i**3 + 2*i**l. Calculate j(0).
-1
Let u(q) = -q - 4. Let d = -2 + -39. Let b = d + 45. Determine u(b).
-8
Let c be 0/3 + -2 + 2. Suppose -q = -c*q - 3. Let z(h) = -2*h + 9 - q*h - h**2 - 10. Calculate z(-5).
-1
Let k(c) = -c**3 + 6*c**2 - 2. Let v be k(6). Let f = 0 + v. Let z(j) = j - 2 + 0*j - 2*j. Determine z(f).
0
Let w(p) = -p**3 + 14*p**2 - 3*p + 41. Let m be w(14). Let q(x) = x - 2. Give q(m).
-3
Let v be ((-105)/(-30))/((-1)/(-2)). Let o(l) be the first derivative of -3*l**2 - 10*l - 14 + 1/3*l**3. Determine o(v).
-3
Let p(r) = r**2 - r - 6. Suppose 0 = -4*g - 0*h - 4*h + 36, -33 = -5*g - h. Determine p(g).
24
Let w(l) = 7 - 3*l + 0*l - 3*l + l**2 + 1 - 3*l. Give w(6).
-10
Let q(w) be the first derivative of 8*w**3/3 - w**2 - w + 1. Suppose 2*v - t - 5 = 0, -3*t - 5 = -4*v + 4. Suppose v*c - c = -2. Give q(c).
9
Let k(d) = d**2 + d - 8. Let s be k(0). Let y(m) = 6*m + 9. Let g(b) = -6*b + 7*b - 9 - 8*b. Let c(z) = -5*g(z) - 6*y(z). Determine c(s).
-1
Let u = -9022 + 9026. Let n(v) be the first derivative of 1/4*v**4 - 2*v - 2 - 5/3*v**3 + 2*v**2. Give n(u).
-2
Let c(y) be the first derivative of y**4/24 + y**3 + 5*y**2/2 - 6. Let q(p) be the second derivative of c(p). Let i = -3 - -3. What is q(i)?
6
Let j(s) be the third derivative of -s**6/120 - 2*s**5/15 + 5*s**4/12 + 2*s**3 + 2*s**2. Let f be -2 + (-99)/9 + 4. Give j(f).
3
Let g be -76*(-3)/(-9) - 4/6. Let z(a) = a. Let u be z(-5). Let c be g/65 + 13/u. Let m(b) = -2*b**2 - 4*b + 1. What is m(c)?
-5
Let b(u) be the first derivative of u**3/3 - 4*u**2 + u + 378. Determine b(4).
-15
Let r(k) = -k**3 + k**2 + 10*k - 1. Let i(s) = -3*s**3 + 2*s**2 + 30*s - 2. Let l(t) = -6*i(t) + 17*r(t). Calculate l(-7).
-33
Suppose 2*m + 4*m + 30 = 0. Let c(q) = 3*q + 0*q - 2*q. Determine c(m).
-5
Let s(i) be the third derivative of -i**5/60 - i**4/8 + 3*i**3/2 + i**2 + 6*i. Determine s(-8).
-31
Let t(n) = -n**2 - 50*n + 6596. Let v be t(-110). Let w(f) = -f - 3 + f - f**2. What is w(v)?
-19
Let h(i) = 3*i - 3*i + 3*i + i - 9. What is h(7)?
19
Suppose -12*z = 547 + 1649. Let f = -187 - z. Let q(j) be the second derivative of -j**4/12 - j**3/2 - j**2 - j. Determine q(f).
-6
Let u be ((-756)/567)/(1 + 14/(-12)). Let t(i) = -3*i + 7. Calculate t(u).
-17
Let v(m) = 2*m**2 + m. Let c be v(1). Suppose -3*x = -5*y + 24, -3*y + c*x - x = -14. Let a(d) = -5*d**2 - 3*d - 2 - d**3 + 2*d**3 - 2. What is a(y)?
14
Let u(v) be the third derivative of v**6/120 + v**5/12 - v**4/12 - v**3 - 115*v**2. Let t(y) = y**3 - 9*y**2 - 2*y + 13. Let i be t(9). Calculate u(i).
4
Let k be 498/(-8) + 17/68. Let q = k + 65. Let d(u) = 2*u**2 + u - 2. Calculate d(q).
19
Let l = 305 + -302. Let g(a) = a - 2 - a**2 + 3*a - 3*a. What is g(l)?
-8
Let v(o) be the first derivative of -o**3/3 - 11*o**2/2 - 7*o